{"id":9693,"date":"2025-07-29T11:01:59","date_gmt":"2025-07-29T09:01:59","guid":{"rendered":"https:\/\/molldur.pl\/?page_id=9693"},"modified":"2025-07-29T14:56:41","modified_gmt":"2025-07-29T12:56:41","slug":"dostepnosc-architektoniczna","status":"publish","type":"page","link":"https:\/\/molldur.pl\/en\/dostepnosc-architektoniczna\/","title":{"rendered":"Dost\u0119pno\u015b\u0107 architektoniczna"},"content":{"rendered":"<h3 data-section-id=\"lk1fsv\" data-start=\"222\" data-end=\"257\"><strong data-start=\"226\" data-end=\"257\">Dost\u0119pno\u015b\u0107 architektoniczna<\/strong><\/h3>\n<p data-start=\"259\" data-end=\"422\">Sala koncertowa oraz siedziba dzia\u0142alno\u015bci przy ul. Kr\u00f3tkiej 18, 62-053 Dru\u017cyna <strong data-start=\"339\" data-end=\"421\">nie s\u0105 w pe\u0142ni przystosowane do potrzeb os\u00f3b z niepe\u0142nosprawno\u015bciami ruchowymi<\/strong>.<\/p>\n<ul data-start=\"424\" data-end=\"890\">\n<li data-start=\"424\" data-end=\"513\">\n<p data-start=\"426\" data-end=\"513\">Wej\u015bcie do sali odbywa si\u0119 wy\u0142\u0105cznie <strong data-start=\"463\" data-end=\"479\">przez schody<\/strong> \u2013 brak jest windy lub podjazdu.<\/p>\n<\/li>\n<li data-start=\"514\" data-end=\"595\">\n<p data-start=\"516\" data-end=\"595\">W budynku <strong data-start=\"526\" data-end=\"559\">nie ma toalety przystosowanej<\/strong> dla os\u00f3b z niepe\u0142nosprawno\u015bciami.<\/p>\n<\/li>\n<li data-start=\"596\" data-end=\"795\">\n<p data-start=\"598\" data-end=\"795\">W razie potrzeby, <strong data-start=\"616\" data-end=\"670\">na miejscu dost\u0119pna jest pomoc ze strony personelu<\/strong> \u2013 prosimy o wcze\u015bniejszy kontakt telefoniczny lub mailowy w celu ustalenia szczeg\u00f3\u0142\u00f3w i zapewnienia wsparcia przy wej\u015bciu.<\/p>\n<\/li>\n<li data-start=\"796\" data-end=\"890\">\n<p data-start=\"798\" data-end=\"890\">Nie zapewniamy miejsc parkingowych wyznaczonych specjalnie dla os\u00f3b z niepe\u0142nosprawno\u015bciami.<\/p>\n<\/li>\n<\/ul>\n<hr data-start=\"892\" data-end=\"895\" \/>\n<h3 data-section-id=\"8qytkq\" data-start=\"897\" data-end=\"924\"><strong data-start=\"901\" data-end=\"924\">Pomoc w dost\u0119pno\u015bci<\/strong><\/h3>\n<p data-start=\"926\" data-end=\"1090\">Osoby z niepe\u0142nosprawno\u015bciami, kt\u00f3re planuj\u0105 odwiedzi\u0107 obiekt, proszone s\u0105 o wcze\u015bniejszy kontakt. Do\u0142o\u017cymy wszelkich stara\u0144, aby zapewni\u0107 pomoc w dost\u0119pie do sali.<\/p>\n<p data-start=\"1092\" data-end=\"1161\"><strong data-start=\"1092\" data-end=\"1161\">Kontakt w sprawie pomocy przy wej\u015bciu lub potrzeb indywidualnych:<\/strong><\/p>\n<p data-client=\"193507188\">PIOTR SELKE<\/p>\n<p>Kr\u00f3tka 18<br \/>\n62-053 Dru\u017cyna, Polska<\/p>\n<p>NIP 5881969576<\/p>\n<p data-start=\"1163\" data-end=\"1261\"><br data-start=\"1174\" data-end=\"1177\" \/>\ud83d\udce7 E-mail: <span class=\"html-span xdj266r x14z9mp xat24cr x1lziwak xexx8yu xyri2b x18d9i69 x1c1uobl x1hl2dhg x16tdsg8 x1vvkbs x4k7w5x x1h91t0o x1h9r5lt x1jfb8zj xv2umb2 x1beo9mf xaigb6o x12ejxvf x3igimt xarpa2k xedcshv x1t2pt76 x7ja8zs x1qrby5j\"><span class=\"x193iq5w xeuugli x13faqbe x1vvkbs x1xmvt09 x1lliihq x1s928wv xhkezso x1gmr53x x1cpjm7i x1fgarty x1943h6x xudqn12 x3x7a5m x6prxxf xvq8zen xo1l8bm xzsf02u\" dir=\"auto\">gramy@molldur.pl<\/span><\/span><br data-start=\"1208\" data-end=\"1211\" \/>\ud83d\udcde Telefon: +48 512 808 805<\/p>","protected":false},"excerpt":{"rendered":"<p>Dost\u0119pno\u015b\u0107 architektoniczna Sala koncertowa oraz siedziba dzia\u0142alno\u015bci przy ul. Kr\u00f3tkiej 18, 62-053 Dru\u017cyna nie s\u0105 w pe\u0142ni przystosowane do potrzeb os\u00f3b z niepe\u0142nosprawno\u015bciami ruchowymi. Wej\u015bcie do sali odbywa si\u0119 wy\u0142\u0105cznie &#8230;<\/p>","protected":false},"author":6,"featured_media":0,"parent":0,"menu_order":0,"comment_status":"closed","ping_status":"closed","template":"","meta":{"footnotes":""},"class_list":["post-9693","page","type-page","status-publish","hentry"],"yoast_head":"<!-- This site is optimized with the Yoast SEO plugin v27.4 - https:\/\/yoast.com\/product\/yoast-seo-wordpress\/ -->\n<title>Dost\u0119pno\u015b\u0107 architektoniczna - mollDur<\/title>\n<meta name=\"robots\" content=\"index, follow, max-snippet:-1, max-image-preview:large, max-video-preview:-1\" \/>\n<link rel=\"canonical\" href=\"https:\/\/molldur.pl\/en\/dostepnosc-architektoniczna\/\" \/>\n<meta property=\"og:locale\" content=\"en_US\" \/>\n<meta property=\"og:type\" content=\"article\" \/>\n<meta property=\"og:title\" content=\"Dost\u0119pno\u015b\u0107 architektoniczna - mollDur\" \/>\n<meta property=\"og:description\" content=\"Dost\u0119pno\u015b\u0107 architektoniczna Sala koncertowa oraz siedziba dzia\u0142alno\u015bci przy ul. Kr\u00f3tkiej 18, 62-053 Dru\u017cyna nie s\u0105 w pe\u0142ni przystosowane do potrzeb os\u00f3b z niepe\u0142nosprawno\u015bciami ruchowymi. Wej\u015bcie do sali odbywa si\u0119 wy\u0142\u0105cznie ...\" \/>\n<meta property=\"og:url\" content=\"https:\/\/molldur.pl\/en\/dostepnosc-architektoniczna\/\" \/>\n<meta property=\"og:site_name\" content=\"mollDur\" \/>\n<meta property=\"article:publisher\" content=\"https:\/\/www.facebook.com\/mollDur-100434355224838\" \/>\n<meta property=\"article:modified_time\" content=\"2025-07-29T12:56:41+00:00\" \/>\n<meta name=\"twitter:card\" content=\"summary_large_image\" \/>\n<meta name=\"twitter:label1\" content=\"Est. reading time\" \/>\n\t<meta name=\"twitter:data1\" content=\"1 minute\" \/>\n<script type=\"application\/ld+json\" class=\"yoast-schema-graph\">{\"@context\":\"https:\\\/\\\/schema.org\",\"@graph\":[{\"@type\":\"WebPage\",\"@id\":\"https:\\\/\\\/molldur.pl\\\/dostepnosc-architektoniczna\\\/\",\"url\":\"https:\\\/\\\/molldur.pl\\\/dostepnosc-architektoniczna\\\/\",\"name\":\"Dost\u0119pno\u015b\u0107 architektoniczna - mollDur\",\"isPartOf\":{\"@id\":\"https:\\\/\\\/molldur.pl\\\/#website\"},\"datePublished\":\"2025-07-29T09:01:59+00:00\",\"dateModified\":\"2025-07-29T12:56:41+00:00\",\"breadcrumb\":{\"@id\":\"https:\\\/\\\/molldur.pl\\\/dostepnosc-architektoniczna\\\/#breadcrumb\"},\"inLanguage\":\"en-US\",\"potentialAction\":[{\"@type\":\"ReadAction\",\"target\":[\"https:\\\/\\\/molldur.pl\\\/dostepnosc-architektoniczna\\\/\"]}]},{\"@type\":\"BreadcrumbList\",\"@id\":\"https:\\\/\\\/molldur.pl\\\/dostepnosc-architektoniczna\\\/#breadcrumb\",\"itemListElement\":[{\"@type\":\"ListItem\",\"position\":1,\"name\":\"Strona g\u0142\u00f3wna\",\"item\":\"https:\\\/\\\/molldur.pl\\\/\"},{\"@type\":\"ListItem\",\"position\":2,\"name\":\"Dost\u0119pno\u015b\u0107 architektoniczna\"}]},{\"@type\":\"WebSite\",\"@id\":\"https:\\\/\\\/molldur.pl\\\/#website\",\"url\":\"https:\\\/\\\/molldur.pl\\\/\",\"name\":\"mollDur\",\"description\":\"\",\"publisher\":{\"@id\":\"https:\\\/\\\/molldur.pl\\\/#organization\"},\"potentialAction\":[{\"@type\":\"SearchAction\",\"target\":{\"@type\":\"EntryPoint\",\"urlTemplate\":\"https:\\\/\\\/molldur.pl\\\/?s={search_term_string}\"},\"query-input\":{\"@type\":\"PropertyValueSpecification\",\"valueRequired\":true,\"valueName\":\"search_term_string\"}}],\"inLanguage\":\"en-US\"},{\"@type\":\"Organization\",\"@id\":\"https:\\\/\\\/molldur.pl\\\/#organization\",\"name\":\"mollDur\",\"url\":\"https:\\\/\\\/molldur.pl\\\/\",\"logo\":{\"@type\":\"ImageObject\",\"inLanguage\":\"en-US\",\"@id\":\"https:\\\/\\\/molldur.pl\\\/#\\\/schema\\\/logo\\\/image\\\/\",\"url\":\"https:\\\/\\\/molldur.pl\\\/wp-content\\\/uploads\\\/mD_182x50_bl.svg\",\"contentUrl\":\"https:\\\/\\\/molldur.pl\\\/wp-content\\\/uploads\\\/mD_182x50_bl.svg\",\"width\":136,\"height\":37,\"caption\":\"mollDur\"},\"image\":{\"@id\":\"https:\\\/\\\/molldur.pl\\\/#\\\/schema\\\/logo\\\/image\\\/\"},\"sameAs\":[\"https:\\\/\\\/www.facebook.com\\\/mollDur-100434355224838\",\"https:\\\/\\\/www.youtube.com\\\/user\\\/serowy1\",\"https:\\\/\\\/www.instagram.com\\\/moll.dur\\\/\"]}]}<\/script>\n<!-- \/ Yoast SEO plugin. -->","yoast_head_json":{"title":"Dost\u0119pno\u015b\u0107 architektoniczna - mollDur","robots":{"index":"index","follow":"follow","max-snippet":"max-snippet:-1","max-image-preview":"max-image-preview:large","max-video-preview":"max-video-preview:-1"},"canonical":"https:\/\/molldur.pl\/en\/dostepnosc-architektoniczna\/","og_locale":"en_US","og_type":"article","og_title":"Dost\u0119pno\u015b\u0107 architektoniczna - mollDur","og_description":"Dost\u0119pno\u015b\u0107 architektoniczna Sala koncertowa oraz siedziba dzia\u0142alno\u015bci przy ul. Kr\u00f3tkiej 18, 62-053 Dru\u017cyna nie s\u0105 w pe\u0142ni przystosowane do potrzeb os\u00f3b z niepe\u0142nosprawno\u015bciami ruchowymi. Wej\u015bcie do sali odbywa si\u0119 wy\u0142\u0105cznie ...","og_url":"https:\/\/molldur.pl\/en\/dostepnosc-architektoniczna\/","og_site_name":"mollDur","article_publisher":"https:\/\/www.facebook.com\/mollDur-100434355224838","article_modified_time":"2025-07-29T12:56:41+00:00","twitter_card":"summary_large_image","twitter_misc":{"Est. reading time":"1 minute"},"schema":{"@context":"https:\/\/schema.org","@graph":[{"@type":"WebPage","@id":"https:\/\/molldur.pl\/dostepnosc-architektoniczna\/","url":"https:\/\/molldur.pl\/dostepnosc-architektoniczna\/","name":"Dost\u0119pno\u015b\u0107 architektoniczna - mollDur","isPartOf":{"@id":"https:\/\/molldur.pl\/#website"},"datePublished":"2025-07-29T09:01:59+00:00","dateModified":"2025-07-29T12:56:41+00:00","breadcrumb":{"@id":"https:\/\/molldur.pl\/dostepnosc-architektoniczna\/#breadcrumb"},"inLanguage":"en-US","potentialAction":[{"@type":"ReadAction","target":["https:\/\/molldur.pl\/dostepnosc-architektoniczna\/"]}]},{"@type":"BreadcrumbList","@id":"https:\/\/molldur.pl\/dostepnosc-architektoniczna\/#breadcrumb","itemListElement":[{"@type":"ListItem","position":1,"name":"Strona g\u0142\u00f3wna","item":"https:\/\/molldur.pl\/"},{"@type":"ListItem","position":2,"name":"Dost\u0119pno\u015b\u0107 architektoniczna"}]},{"@type":"WebSite","@id":"https:\/\/molldur.pl\/#website","url":"https:\/\/molldur.pl\/","name":"mollDur","description":"","publisher":{"@id":"https:\/\/molldur.pl\/#organization"},"potentialAction":[{"@type":"SearchAction","target":{"@type":"EntryPoint","urlTemplate":"https:\/\/molldur.pl\/?s={search_term_string}"},"query-input":{"@type":"PropertyValueSpecification","valueRequired":true,"valueName":"search_term_string"}}],"inLanguage":"en-US"},{"@type":"Organization","@id":"https:\/\/molldur.pl\/#organization","name":"mollDur","url":"https:\/\/molldur.pl\/","logo":{"@type":"ImageObject","inLanguage":"en-US","@id":"https:\/\/molldur.pl\/#\/schema\/logo\/image\/","url":"https:\/\/molldur.pl\/wp-content\/uploads\/mD_182x50_bl.svg","contentUrl":"https:\/\/molldur.pl\/wp-content\/uploads\/mD_182x50_bl.svg","width":136,"height":37,"caption":"mollDur"},"image":{"@id":"https:\/\/molldur.pl\/#\/schema\/logo\/image\/"},"sameAs":["https:\/\/www.facebook.com\/mollDur-100434355224838","https:\/\/www.youtube.com\/user\/serowy1","https:\/\/www.instagram.com\/moll.dur\/"]}]}},"_links":{"self":[{"href":"https:\/\/molldur.pl\/en\/wp-json\/wp\/v2\/pages\/9693","targetHints":{"allow":["GET"]}}],"collection":[{"href":"https:\/\/molldur.pl\/en\/wp-json\/wp\/v2\/pages"}],"about":[{"href":"https:\/\/molldur.pl\/en\/wp-json\/wp\/v2\/types\/page"}],"author":[{"embeddable":true,"href":"https:\/\/molldur.pl\/en\/wp-json\/wp\/v2\/users\/6"}],"replies":[{"embeddable":true,"href":"https:\/\/molldur.pl\/en\/wp-json\/wp\/v2\/comments?post=9693"}],"version-history":[{"count":4,"href":"https:\/\/molldur.pl\/en\/wp-json\/wp\/v2\/pages\/9693\/revisions"}],"predecessor-version":[{"id":9701,"href":"https:\/\/molldur.pl\/en\/wp-json\/wp\/v2\/pages\/9693\/revisions\/9701"}],"wp:attachment":[{"href":"https:\/\/molldur.pl\/en\/wp-json\/wp\/v2\/media?parent=9693"}],"curies":[{"name":"wp","href":"https:\/\/api.w.org\/{rel}","templated":true}]}}

Dostępność architektoniczna

<h3 data-section-id="lk1fsv" data-start="222" data-end="257"><strong data-start="226" data-end="257">Dostępność architektoniczna</strong></h3>
<p data-start="259" data-end="422">Sala koncertowa oraz siedziba działalności przy ul. Krótkiej 18, 62-053 Drużyna <strong data-start="339" data-end="421">nie są w pełni przystosowane do potrzeb osób z niepełnosprawnościami ruchowymi</strong>.</p>
<ul data-start="424" data-end="890">
<li data-start="424" data-end="513">
<p data-start="426" data-end="513">Wejście do sali odbywa się wyłącznie <strong data-start="463" data-end="479">przez schody</strong> – brak jest windy lub podjazdu.</p>
</li>
<li data-start="514" data-end="595">
<p data-start="516" data-end="595">W budynku <strong data-start="526" data-end="559">nie ma toalety przystosowanej</strong> dla osób z niepełnosprawnościami.</p>
</li>
<li data-start="596" data-end="795">
<p data-start="598" data-end="795">W razie potrzeby, <strong data-start="616" data-end="670">na miejscu dostępna jest pomoc ze strony personelu</strong> – prosimy o wcześniejszy kontakt telefoniczny lub mailowy w celu ustalenia szczegółów i zapewnienia wsparcia przy wejściu.</p>
</li>
<li data-start="796" data-end="890">
<p data-start="798" data-end="890">Nie zapewniamy miejsc parkingowych wyznaczonych specjalnie dla osób z niepełnosprawnościami.</p>
</li>
</ul>
<hr data-start="892" data-end="895" />
<h3 data-section-id="8qytkq" data-start="897" data-end="924"><strong data-start="901" data-end="924">Pomoc w dostępności</strong></h3>
<p data-start="926" data-end="1090">Osoby z niepełnosprawnościami, które planują odwiedzić obiekt, proszone są o wcześniejszy kontakt. Dołożymy wszelkich starań, aby zapewnić pomoc w dostępie do sali.</p>
<p data-start="1092" data-end="1161"><strong data-start="1092" data-end="1161">Kontakt w sprawie pomocy przy wejściu lub potrzeb indywidualnych:</strong></p>
<p data-client="193507188">PIOTR SELKE</p>
<p>Krótka 18<br />
62-053 Drużyna, Polska</p>
<p>NIP 5881969576</p>
<p data-start="1163" data-end="1261"><br data-start="1174" data-end="1177" />📧 E-mail: <span class="html-span xdj266r x14z9mp xat24cr x1lziwak xexx8yu xyri2b x18d9i69 x1c1uobl x1hl2dhg x16tdsg8 x1vvkbs x4k7w5x x1h91t0o x1h9r5lt x1jfb8zj xv2umb2 x1beo9mf xaigb6o x12ejxvf x3igimt xarpa2k xedcshv x1t2pt76 x7ja8zs x1qrby5j"><span class="x193iq5w xeuugli x13faqbe x1vvkbs x1xmvt09 x1lliihq x1s928wv xhkezso x1gmr53x x1cpjm7i x1fgarty x1943h6x xudqn12 x3x7a5m x6prxxf xvq8zen xo1l8bm xzsf02u" dir="auto">gramy@molldur.pl</span></span><br data-start="1208" data-end="1211" />📞 Telefon: +48 512 808 805</p>

<p>Dostępność architektoniczna Sala koncertowa oraz siedziba działalności przy ul. Krótkiej 18, 62-053 Drużyna nie są w pełni przystosowane do potrzeb osób z niepełnosprawnościami ruchowymi. Wejście do sali odbywa się wyłącznie &#8230;</p>

<!-- This site is optimized with the Yoast SEO plugin v27.4 - https://yoast.com/product/yoast-seo-wordpress/ -->
<title>Dostępność architektoniczna - mollDur</title>
<meta name="robots" content="index, follow, max-snippet:-1, max-image-preview:large, max-video-preview:-1" />
<link rel="canonical" href="https://molldur.pl/en/dostepnosc-architektoniczna/" />
<meta property="og:locale" content="en_US" />
<meta property="og:type" content="article" />
<meta property="og:title" content="Dostępność architektoniczna - mollDur" />
<meta property="og:description" content="Dostępność architektoniczna Sala koncertowa oraz siedziba działalności przy ul. Krótkiej 18, 62-053 Drużyna nie są w pełni przystosowane do potrzeb osób z niepełnosprawnościami ruchowymi. Wejście do sali odbywa się wyłącznie ..." />
<meta property="og:url" content="https://molldur.pl/en/dostepnosc-architektoniczna/" />
<meta property="og:site_name" content="mollDur" />
<meta property="article:publisher" content="https://www.facebook.com/mollDur-100434355224838" />
<meta property="article:modified_time" content="2025-07-29T12:56:41+00:00" />
<meta name="twitter:card" content="summary_large_image" />
<meta name="twitter:label1" content="Est. reading time" />
	<meta name="twitter:data1" content="1 minute" />
<script type="application/ld+json" class="yoast-schema-graph">{"@context":"https:\/\/schema.org","@graph":[{"@type":"WebPage","@id":"https:\/\/molldur.pl\/dostepnosc-architektoniczna\/","url":"https:\/\/molldur.pl\/dostepnosc-architektoniczna\/","name":"Dostępność architektoniczna - mollDur","isPartOf":{"@id":"https:\/\/molldur.pl\/#website"},"datePublished":"2025-07-29T09:01:59+00:00","dateModified":"2025-07-29T12:56:41+00:00","breadcrumb":{"@id":"https:\/\/molldur.pl\/dostepnosc-architektoniczna\/#breadcrumb"},"inLanguage":"en-US","potentialAction":[{"@type":"ReadAction","target":["https:\/\/molldur.pl\/dostepnosc-architektoniczna\/"]}]},{"@type":"BreadcrumbList","@id":"https:\/\/molldur.pl\/dostepnosc-architektoniczna\/#breadcrumb","itemListElement":[{"@type":"ListItem","position":1,"name":"Strona główna","item":"https:\/\/molldur.pl\/"},{"@type":"ListItem","position":2,"name":"Dostępność architektoniczna"}]},{"@type":"WebSite","@id":"https:\/\/molldur.pl\/#website","url":"https:\/\/molldur.pl\/","name":"mollDur","description":"","publisher":{"@id":"https:\/\/molldur.pl\/#organization"},"potentialAction":[{"@type":"SearchAction","target":{"@type":"EntryPoint","urlTemplate":"https:\/\/molldur.pl\/?s={search_term_string}"},"query-input":{"@type":"PropertyValueSpecification","valueRequired":true,"valueName":"search_term_string"}}],"inLanguage":"en-US"},{"@type":"Organization","@id":"https:\/\/molldur.pl\/#organization","name":"mollDur","url":"https:\/\/molldur.pl\/","logo":{"@type":"ImageObject","inLanguage":"en-US","@id":"https:\/\/molldur.pl\/#\/schema\/logo\/image\/","url":"https:\/\/molldur.pl\/wp-content\/uploads\/mD_182x50_bl.svg","contentUrl":"https:\/\/molldur.pl\/wp-content\/uploads\/mD_182x50_bl.svg","width":136,"height":37,"caption":"mollDur"},"image":{"@id":"https:\/\/molldur.pl\/#\/schema\/logo\/image\/"},"sameAs":["https:\/\/www.facebook.com\/mollDur-100434355224838","https:\/\/www.youtube.com\/user\/serowy1","https:\/\/www.instagram.com\/moll.dur\/"]}]}</script>
<!-- / Yoast SEO plugin. -->

Dostępność architektoniczna - mollDur

Dostępność architektoniczna Sala koncertowa oraz siedziba działalności przy ul. Krótkiej 18, 62-053 Drużyna nie są w pełni przystosowane do potrzeb osób z niepełnosprawnościami ruchowymi. Wejście do sali odbywa się wyłącznie ...

Strona główna
